{"id":1502,"date":"2019-03-13T12:05:56","date_gmt":"2019-03-13T12:05:56","guid":{"rendered":"https:\/\/ceipsantmiquellliria.es\/?page_id=1502"},"modified":"2022-10-17T00:01:50","modified_gmt":"2022-10-17T00:01:50","slug":"actualizacio-de-dades","status":"publish","type":"page","link":"https:\/\/ceipsantmiquellliria.es\/?page_id=1502","title":{"rendered":"Actualizaci\u00f3 de dades"},"content":{"rendered":"\t\t<div data-elementor-type=\"wp-post\" data-elementor-id=\"1502\" class=\"elementor elementor-1502\">\n\t\t\t\t\t\t<section class=\"elementor-section elementor-top-section elementor-element elementor-element-0b1b9e1 elementor-section-full_width elementor-section-height-default elementor-section-height-default\" data-id=\"0b1b9e1\" data-element_type=\"section\">\n\t\t\t\t\t\t<div class=\"elementor-container elementor-column-gap-default\">\n\t\t\t\t\t<div class=\"elementor-column elementor-col-100 elementor-top-column elementor-element elementor-element-e46b812\" data-id=\"e46b812\" data-element_type=\"column\">\n\t\t\t<div class=\"elementor-widget-wrap elementor-element-populated\">\n\t\t\t\t\t\t<div class=\"elementor-element elementor-element-2b985d3 elementor-widget elementor-widget-text-editor\" data-id=\"2b985d3\" data-element_type=\"widget\" data-widget_type=\"text-editor.default\">\n\t\t\t\t<div class=\"elementor-widget-container\">\n\t\t\t\t\t\t\t<h2 style=\"text-align: center;\">Descarrega el document per a rectificar les dades personals de l&#8217;alumne, despr\u00e9s d&#8217; omplir-lo, has d&#8217; entregar-lo a secretaria (amb cita pr\u00e8via trucant al tel\u00e8fon 962718025) o enviant el document mitjan\u00e7ant correu electr\u00f2nic a 46004863@edu.gva.es amb l&#8217;assumpte &#8220;Actualitzaci\u00f3 dades&#8221;.<\/h2>\t\t\t\t\t\t<\/div>\n\t\t\t\t<\/div>\n\t\t\t\t<div class=\"elementor-element elementor-element-f9be7d7 elementor-align-center elementor-widget elementor-widget-button\" data-id=\"f9be7d7\" data-element_type=\"widget\" data-widget_type=\"button.default\">\n\t\t\t\t<div class=\"elementor-widget-container\">\n\t\t\t\t\t<div class=\"elementor-button-wrapper\">\n\t\t\t<a class=\"elementor-button elementor-button-link elementor-size-md\" href=\"https:\/\/ceipsantmiquellliria.es\/wp-content\/uploads\/2019\/03\/ACTUALITZACI\u00d3-DE-DADES-CURS-2016.pdf\" target=\"_blank\">\n\t\t\t\t\t\t<span class=\"elementor-button-content-wrapper\">\n\t\t\t\t\t\t\t\t\t<span class=\"elementor-button-text\">Visualitza \/ descarr\u00e9ga<\/span>\n\t\t\t\t\t<\/span>\n\t\t\t\t\t<\/a>\n\t\t<\/div>\n\t\t\t\t<\/div>\n\t\t\t\t<\/div>\n\t\t\t\t\t<\/div>\n\t\t<\/div>\n\t\t\t\t\t<\/div>\n\t\t<\/section>\n\t\t\t\t<\/div>\n\t\t","protected":false},"excerpt":{"rendered":"<p>Descarrega el document per a rectificar les dades personals de l&#8217;alumne, despr\u00e9s d&#8217; omplir-lo, has d&#8217; entregar-lo a secretaria (amb cita pr\u00e8via trucant al tel\u00e8fon 962718025) o enviant el document mitjan\u00e7ant correu electr\u00f2nic a 46004863@edu.gva.es amb l&#8217;assumpte &#8220;Actualitzaci\u00f3 dades&#8221;. Visualitza \/ descarr\u00e9ga<\/p>\n","protected":false},"author":12,"featured_media":0,"parent":0,"menu_order":0,"comment_status":"closed","ping_status":"closed","template":"","meta":[],"_links":{"self":[{"href":"https:\/\/ceipsantmiquellliria.es\/index.php?rest_route=\/wp\/v2\/pages\/1502"}],"collection":[{"href":"https:\/\/ceipsantmiquellliria.es\/index.php?rest_route=\/wp\/v2\/pages"}],"about":[{"href":"https:\/\/ceipsantmiquellliria.es\/index.php?rest_route=\/wp\/v2\/types\/page"}],"author":[{"embeddable":true,"href":"https:\/\/ceipsantmiquellliria.es\/index.php?rest_route=\/wp\/v2\/users\/12"}],"replies":[{"embeddable":true,"href":"https:\/\/ceipsantmiquellliria.es\/index.php?rest_route=%2Fwp%2Fv2%2Fcomments&post=1502"}],"version-history":[{"count":19,"href":"https:\/\/ceipsantmiquellliria.es\/index.php?rest_route=\/wp\/v2\/pages\/1502\/revisions"}],"predecessor-version":[{"id":12665,"href":"https:\/\/ceipsantmiquellliria.es\/index.php?rest_route=\/wp\/v2\/pages\/1502\/revisions\/12665"}],"wp:attachment":[{"href":"https:\/\/ceipsantmiquellliria.es\/index.php?rest_route=%2Fwp%2Fv2%2Fmedia&parent=1502"}],"curies":[{"name":"wp","href":"https:\/\/api.w.org\/{rel}","templated":true}]}}