{"id":917,"date":"2018-10-30T08:24:24","date_gmt":"2018-10-30T08:24:24","guid":{"rendered":"https:\/\/ceipsantmiquellliria.es\/?page_id=917"},"modified":"2023-10-18T13:11:54","modified_gmt":"2023-10-18T13:11:54","slug":"eleccions-consell-escolar","status":"publish","type":"page","link":"https:\/\/ceipsantmiquellliria.es\/?page_id=917","title":{"rendered":"Eleccions Consell Escolar"},"content":{"rendered":"\t\t<div data-elementor-type=\"wp-post\" data-elementor-id=\"917\" class=\"elementor elementor-917\">\n\t\t\t\t\t\t<section class=\"elementor-section elementor-top-section elementor-element elementor-element-0eb2068 elementor-section-boxed elementor-section-height-default elementor-section-height-default\" data-id=\"0eb2068\" data-element_type=\"section\">\n\t\t\t\t\t\t<div class=\"elementor-container elementor-column-gap-default\">\n\t\t\t\t\t<div class=\"elementor-column elementor-col-100 elementor-top-column elementor-element elementor-element-dd71d7f\" data-id=\"dd71d7f\" data-element_type=\"column\">\n\t\t\t<div class=\"elementor-widget-wrap elementor-element-populated\">\n\t\t\t\t\t\t<div class=\"elementor-element elementor-element-901f1e8 elementor-widget elementor-widget-image\" data-id=\"901f1e8\" data-element_type=\"widget\" data-widget_type=\"image.default\">\n\t\t\t\t<div class=\"elementor-widget-container\">\n\t\t\t\t\t\t\t\t\t\t\t\t\t\t<a href=\"https:\/\/ceice.gva.es\/va\/web\/madres-padres-alumnos\/eleccions-centres\">\n\t\t\t\t\t\t\t<img decoding=\"async\" src=\"https:\/\/ceipsantmiquellliria.es\/wp-content\/uploads\/2022\/05\/eleccions-consell-escolar-1.jpg\" title=\"\" alt=\"\" loading=\"lazy\" \/>\t\t\t\t\t\t\t\t<\/a>\n\t\t\t\t\t\t\t\t\t\t\t\t\t<\/div>\n\t\t\t\t<\/div>\n\t\t\t\t\t<\/div>\n\t\t<\/div>\n\t\t\t\t\t<\/div>\n\t\t<\/section>\n\t\t\t\t<section class=\"elementor-section elementor-top-section elementor-element elementor-element-d794846 elementor-section-boxed elementor-section-height-default elementor-section-height-default\" data-id=\"d794846\" data-element_type=\"section\">\n\t\t\t\t\t\t<div class=\"elementor-container elementor-column-gap-default\">\n\t\t\t\t\t<div class=\"elementor-column elementor-col-100 elementor-top-column elementor-element elementor-element-0e2565c\" data-id=\"0e2565c\" data-element_type=\"column\">\n\t\t\t<div class=\"elementor-widget-wrap elementor-element-populated\">\n\t\t\t\t\t\t<div class=\"elementor-element elementor-element-9dba3cc elementor-widget elementor-widget-text-editor\" data-id=\"9dba3cc\" data-element_type=\"widget\" data-widget_type=\"text-editor.default\">\n\t\t\t\t<div class=\"elementor-widget-container\">\n\t\t\t\t\t\t\t<h6><strong><span style=\"color: #ff0000;\">&nbsp;Publicat 18\/10\/2023<\/span><\/strong><\/h6>\n<h3>Durant el dia de hui es&nbsp;procedir\u00e0&nbsp;a&nbsp;l&#8217;<strong>aprovaci\u00f3&nbsp;i publicaci\u00f3 dels censos electorals<\/strong>. Aquests es trobaran per a consulta al tauler de&nbsp;l&#8217;\u00e9ntrada&nbsp;principal. Les persones&nbsp;interessades&nbsp;en presentar la seua candidatura (<span class=\"hiddenGrammarError\" style=\"padding-bottom: 2px; background-image: url('..\/..\/..\/..\/..\/images\/squiggle.png'); background-repeat: repeat-x; background-position: left bottom; cursor: default; color: #000000; font-family: 'Open Sans', Helvetica, Arial, sans-serif; font-size: 16px; font-style: normal; font-variant-ligatures: normal; font-variant-caps: normal; font-weight: 300; letter-spacing: normal; orphans: 2; text-align: start; text-indent: 0px; text-transform: none; widows: 2; word-spacing: 0px; -webkit-text-stroke-width: 0px; white-space: normal; text-decoration-thickness: initial; text-decoration-style: initial; text-decoration-color: initial;\">sector mares<\/span>\/pares), podran fer-ho davant la Direcci\u00f3 fins al pr\u00f2xim 7 de novembre.<br \/><\/h3>\t\t\t\t\t\t<\/div>\n\t\t\t\t<\/div>\n\t\t\t\t\t<\/div>\n\t\t<\/div>\n\t\t\t\t\t<\/div>\n\t\t<\/section>\n\t\t\t\t<section class=\"elementor-section elementor-top-section elementor-element elementor-element-613fd4c elementor-section-boxed elementor-section-height-default elementor-section-height-default\" data-id=\"613fd4c\" data-element_type=\"section\">\n\t\t\t\t\t\t<div class=\"elementor-container elementor-column-gap-default\">\n\t\t\t\t\t<div class=\"elementor-column elementor-col-100 elementor-top-column elementor-element elementor-element-1130bff\" data-id=\"1130bff\" data-element_type=\"column\">\n\t\t\t<div class=\"elementor-widget-wrap elementor-element-populated\">\n\t\t\t\t\t\t<div class=\"elementor-element elementor-element-551afea elementor-widget elementor-widget-text-editor\" data-id=\"551afea\" data-element_type=\"widget\" data-widget_type=\"text-editor.default\">\n\t\t\t\t<div class=\"elementor-widget-container\">\n\t\t\t\t\t\t\t<h6><strong><span style=\"color: #ff0000;\">\u00a0Publicat 13\/10\/2023<\/span><\/strong><\/h6><h2>E<b>L 13 D&#8217;OCTUBRE DE 2023:<\/b> S&#8217;HA CELEBRAT EL SORTEIG PER A\u00a0L&#8217;ELECCI\u00d3\u00a0DELS MEMBRES DE LA JUNTA ELECTORAL , I S&#8217;HA CONSTITU\u00cfT LA JUNTA ELECTORAL\u00a0(PUBLICAT AL TAULER DE DIRECCI\u00d3).<\/h2>\t\t\t\t\t\t<\/div>\n\t\t\t\t<\/div>\n\t\t\t\t\t<\/div>\n\t\t<\/div>\n\t\t\t\t\t<\/div>\n\t\t<\/section>\n\t\t\t\t<section class=\"elementor-section elementor-top-section elementor-element elementor-element-24efa2e elementor-section-boxed elementor-section-height-default elementor-section-height-default\" data-id=\"24efa2e\" data-element_type=\"section\">\n\t\t\t\t\t\t<div class=\"elementor-container elementor-column-gap-default\">\n\t\t\t\t\t<div class=\"elementor-column elementor-col-100 elementor-top-column elementor-element elementor-element-0a8d44c\" data-id=\"0a8d44c\" data-element_type=\"column\">\n\t\t\t<div class=\"elementor-widget-wrap elementor-element-populated\">\n\t\t\t\t\t\t<div class=\"elementor-element elementor-element-7c3c59e elementor-widget elementor-widget-text-editor\" data-id=\"7c3c59e\" data-element_type=\"widget\" data-widget_type=\"text-editor.default\">\n\t\t\t\t<div class=\"elementor-widget-container\">\n\t\t\t\t\t\t\t<p><strong><span style=\"color: #ff0000;\">Publicat 05\/10\/2023<\/span><\/strong><\/p><h2><strong>L&#8217;11 D&#8217;OCTUBRE DE 2023<\/strong>:\u00a0 realitzaci\u00f3 del sorteig per a l\u2019elecci\u00f3 dels membres de la junta electoral<\/h2>\t\t\t\t\t\t<\/div>\n\t\t\t\t<\/div>\n\t\t\t\t<div class=\"elementor-element elementor-element-ef4762d elementor-widget__width-initial elementor-widget elementor-widget-text-editor\" data-id=\"ef4762d\" data-element_type=\"widget\" data-widget_type=\"text-editor.default\">\n\t\t\t\t<div class=\"elementor-widget-container\">\n\t\t\t\t\t\t\t<h3>I<b>nformaci\u00f3 sobre el proc\u00e9s d&#8217;eleccions a consells escolars de centres<\/b><\/h3><h2><a href=\"https:\/\/dogv.gva.es\/datos\/2023\/09\/27\/pdf\/2023_9766.pdf\" target=\"_blank\" rel=\"noopener\">RESOLUCI\u00d3 de 22 de setembre de 2023, de la Direcci\u00f3 General d\u2019Innovaci\u00f3 i Inclusi\u00f3 Educativa, sobre la convocat\u00f2ria d\u2019eleccions a consells escolars de centres docents no universitaris de la Comunitat Valenciana sostinguts amb fons p\u00fablics, l\u2019any 2023<\/a><\/h2><h2><strong><span style=\"color: #333333;\"><a href=\"https:\/\/ceice.gva.es\/va\/web\/madres-padres-alumnos\/eleccions-centres\">ACC\u00c9S A LA WEB DE CONSELLERIA D&#8217;EDUCACI\u00d3<\/a><\/span><\/strong><\/h2>\t\t\t\t\t\t<\/div>\n\t\t\t\t<\/div>\n\t\t\t\t\t<\/div>\n\t\t<\/div>\n\t\t\t\t\t<\/div>\n\t\t<\/section>\n\t\t\t\t<\/div>\n\t\t","protected":false},"excerpt":{"rendered":"<p>&nbsp;Publicat 18\/10\/2023 Durant el dia de hui es&nbsp;procedir\u00e0&nbsp;a&nbsp;l&#8217;aprovaci\u00f3&nbsp;i publicaci\u00f3 dels censos electorals. Aquests es trobaran per a consulta al tauler de&nbsp;l&#8217;\u00e9ntrada&nbsp;principal. Les persones&nbsp;interessades&nbsp;en presentar la seua candidatura (sector mares\/pares), podran fer-ho davant la Direcci\u00f3 fins al pr\u00f2xim 7 de novembre. \u00a0Publicat 13\/10\/2023 EL 13 D&#8217;OCTUBRE DE 2023: S&#8217;HA CELEBRAT EL SORTEIG PER A\u00a0L&#8217;ELECCI\u00d3\u00a0DELS MEMBRES DE&#8230;<\/p>\n<p class=\"more-link\"><a href=\"https:\/\/ceipsantmiquellliria.es\/?page_id=917\"><span>Read More<\/span><i>&#43;<\/i><\/a><\/p>\n","protected":false},"author":1,"featured_media":0,"parent":0,"menu_order":0,"comment_status":"closed","ping_status":"closed","template":"","meta":[],"_links":{"self":[{"href":"https:\/\/ceipsantmiquellliria.es\/index.php?rest_route=\/wp\/v2\/pages\/917"}],"collection":[{"href":"https:\/\/ceipsantmiquellliria.es\/index.php?rest_route=\/wp\/v2\/pages"}],"about":[{"href":"https:\/\/ceipsantmiquellliria.es\/index.php?rest_route=\/wp\/v2\/types\/page"}],"author":[{"embeddable":true,"href":"https:\/\/ceipsantmiquellliria.es\/index.php?rest_route=\/wp\/v2\/users\/1"}],"replies":[{"embeddable":true,"href":"https:\/\/ceipsantmiquellliria.es\/index.php?rest_route=%2Fwp%2Fv2%2Fcomments&post=917"}],"version-history":[{"count":26,"href":"https:\/\/ceipsantmiquellliria.es\/index.php?rest_route=\/wp\/v2\/pages\/917\/revisions"}],"predecessor-version":[{"id":16315,"href":"https:\/\/ceipsantmiquellliria.es\/index.php?rest_route=\/wp\/v2\/pages\/917\/revisions\/16315"}],"wp:attachment":[{"href":"https:\/\/ceipsantmiquellliria.es\/index.php?rest_route=%2Fwp%2Fv2%2Fmedia&parent=917"}],"curies":[{"name":"wp","href":"https:\/\/api.w.org\/{rel}","templated":true}]}}

<div data-elementor-type="wp-post" data-elementor-id="917" class="elementor elementor-917">
						<section class="elementor-section elementor-top-section elementor-element elementor-element-0eb2068 elementor-section-boxed elementor-section-height-default elementor-section-height-default" data-id="0eb2068" data-element_type="section">
						<div class="elementor-container elementor-column-gap-default">
					<div class="elementor-column elementor-col-100 elementor-top-column elementor-element elementor-element-dd71d7f" data-id="dd71d7f" data-element_type="column">
			<div class="elementor-widget-wrap elementor-element-populated">
						<div class="elementor-element elementor-element-901f1e8 elementor-widget elementor-widget-image" data-id="901f1e8" data-element_type="widget" data-widget_type="image.default">
				<div class="elementor-widget-container">
														<a href="https://ceice.gva.es/va/web/madres-padres-alumnos/eleccions-centres">
							<img decoding="async" src="https://ceipsantmiquellliria.es/wp-content/uploads/2022/05/eleccions-consell-escolar-1.jpg" title="" alt="" loading="lazy" />								</a>
													</div>
				</div>
					</div>
		</div>
					</div>
		</section>
				<section class="elementor-section elementor-top-section elementor-element elementor-element-d794846 elementor-section-boxed elementor-section-height-default elementor-section-height-default" data-id="d794846" data-element_type="section">
						<div class="elementor-container elementor-column-gap-default">
					<div class="elementor-column elementor-col-100 elementor-top-column elementor-element elementor-element-0e2565c" data-id="0e2565c" data-element_type="column">
			<div class="elementor-widget-wrap elementor-element-populated">
						<div class="elementor-element elementor-element-9dba3cc elementor-widget elementor-widget-text-editor" data-id="9dba3cc" data-element_type="widget" data-widget_type="text-editor.default">
				<div class="elementor-widget-container">
							<h6><strong><span style="color: #ff0000;">&nbsp;Publicat 18/10/2023</span></strong></h6>
<h3>Durant el dia de hui es&nbsp;procedirà&nbsp;a&nbsp;l&#8217;<strong>aprovació&nbsp;i publicació dels censos electorals</strong>. Aquests es trobaran per a consulta al tauler de&nbsp;l&#8217;éntrada&nbsp;principal. Les persones&nbsp;interessades&nbsp;en presentar la seua candidatura (<span class="hiddenGrammarError" style="padding-bottom: 2px; background-image: url('../../../../../images/squiggle.png'); background-repeat: repeat-x; background-position: left bottom; cursor: default; color: #000000; font-family: 'Open Sans', Helvetica, Arial, sans-serif; font-size: 16px; font-style: normal; font-variant-ligatures: normal; font-variant-caps: normal; font-weight: 300; letter-spacing: normal; orphans: 2; text-align: start; text-indent: 0px; text-transform: none; widows: 2; word-spacing: 0px; -webkit-text-stroke-width: 0px; white-space: normal; text-decoration-thickness: initial; text-decoration-style: initial; text-decoration-color: initial;">sector mares</span>/pares), podran fer-ho davant la Direcció fins al pròxim 7 de novembre.<br /></h3>						</div>
				</div>
					</div>
		</div>
					</div>
		</section>
				<section class="elementor-section elementor-top-section elementor-element elementor-element-613fd4c elementor-section-boxed elementor-section-height-default elementor-section-height-default" data-id="613fd4c" data-element_type="section">
						<div class="elementor-container elementor-column-gap-default">
					<div class="elementor-column elementor-col-100 elementor-top-column elementor-element elementor-element-1130bff" data-id="1130bff" data-element_type="column">
			<div class="elementor-widget-wrap elementor-element-populated">
						<div class="elementor-element elementor-element-551afea elementor-widget elementor-widget-text-editor" data-id="551afea" data-element_type="widget" data-widget_type="text-editor.default">
				<div class="elementor-widget-container">
							<h6><strong><span style="color: #ff0000;"> Publicat 13/10/2023</span></strong></h6><h2>E<b>L 13 D&#8217;OCTUBRE DE 2023:</b> S&#8217;HA CELEBRAT EL SORTEIG PER A L&#8217;ELECCIÓ DELS MEMBRES DE LA JUNTA ELECTORAL , I S&#8217;HA CONSTITUÏT LA JUNTA ELECTORAL (PUBLICAT AL TAULER DE DIRECCIÓ).</h2>						</div>
				</div>
					</div>
		</div>
					</div>
		</section>
				<section class="elementor-section elementor-top-section elementor-element elementor-element-24efa2e elementor-section-boxed elementor-section-height-default elementor-section-height-default" data-id="24efa2e" data-element_type="section">
						<div class="elementor-container elementor-column-gap-default">
					<div class="elementor-column elementor-col-100 elementor-top-column elementor-element elementor-element-0a8d44c" data-id="0a8d44c" data-element_type="column">
			<div class="elementor-widget-wrap elementor-element-populated">
						<div class="elementor-element elementor-element-7c3c59e elementor-widget elementor-widget-text-editor" data-id="7c3c59e" data-element_type="widget" data-widget_type="text-editor.default">
				<div class="elementor-widget-container">
							<p><strong><span style="color: #ff0000;">Publicat 05/10/2023</span></strong></p><h2><strong>L&#8217;11 D&#8217;OCTUBRE DE 2023</strong>:  realització del sorteig per a l’elecció dels membres de la junta electoral</h2>						</div>
				</div>
				<div class="elementor-element elementor-element-ef4762d elementor-widget__width-initial elementor-widget elementor-widget-text-editor" data-id="ef4762d" data-element_type="widget" data-widget_type="text-editor.default">
				<div class="elementor-widget-container">
							<h3>I<b>nformació sobre el procés d&#8217;eleccions a consells escolars de centres</b></h3><h2><a href="https://dogv.gva.es/datos/2023/09/27/pdf/2023_9766.pdf" target="_blank" rel="noopener">RESOLUCIÓ de 22 de setembre de 2023, de la Direcció General d’Innovació i Inclusió Educativa, sobre la convocatòria d’eleccions a consells escolars de centres docents no universitaris de la Comunitat Valenciana sostinguts amb fons públics, l’any 2023</a></h2><h2><strong><span style="color: #333333;"><a href="https://ceice.gva.es/va/web/madres-padres-alumnos/eleccions-centres">ACCÉS A LA WEB DE CONSELLERIA D&#8217;EDUCACIÓ</a></span></strong></h2>						</div>
				</div>
					</div>
		</div>
					</div>
		</section>
				</div>

<p>&nbsp;Publicat 18/10/2023 Durant el dia de hui es&nbsp;procedirà&nbsp;a&nbsp;l&#8217;aprovació&nbsp;i publicació dels censos electorals. Aquests es trobaran per a consulta al tauler de&nbsp;l&#8217;éntrada&nbsp;principal. Les persones&nbsp;interessades&nbsp;en presentar la seua candidatura (sector mares/pares), podran fer-ho davant la Direcció fins al pròxim 7 de novembre.  Publicat 13/10/2023 EL 13 D&#8217;OCTUBRE DE 2023: S&#8217;HA CELEBRAT EL SORTEIG PER A L&#8217;ELECCIÓ DELS MEMBRES DE&#8230;</p>
<p class="more-link"><a href="https://ceipsantmiquellliria.es/?page_id=917"><span>Read More</span><i>&#43;</i></a></p>
